23b78e (base 16) to base 6.
122100450
-1000001101110011000 (base 2) to base 11
-174295
Convert -132280 (base 9) to base 11.
-55473
Convert -48048 (base 13) to base 14.
-360c0
What is -1041143220 (base 5) in base 4?
-20232123032
What is -61491 (base 11) in base 3?
-11120010111
Convert 14002353 (base 7) to base 13.
3645a2
Convert 4c061a (base 16) to base 10.
4982298
What is 1685334 (base 9) in base 11?
593933
Convert -c061 (base 14) to base 3.
-1200021201
What is 17c46c (base 14) in base 10?
840544
14a7760 (base 11) to base 3
11211200200021
-1c7024 (base 14) to base 12
-4111a0
-1259880 (base 11) to base 2
-1000010100001100111111
Convert -735145 (base 8) to base 4.
-323221211
What is -1670458 (base 9) in base 10?
-932039
216408 (base 13) to base 2
10111111101001110101
Convert 12003411 (base 7) to base 12.
431576
1100100000101010001010 (base 2) to base 4
30200222022
Convert -768db (base 15) to base 5.
-44023011
-12166666 (base 8) to base 15
-37eb49
What is -5ba747 (base 15) in base 2?
-10000101111100100010110
660150 (base 8) to base 9
366485
Convert 20021110002202 (base 3) to base 13.
8ca128
Convert 12210122001001 (base 3) to base 11.
181630a
What is -19041f (base 16) in base 15?
-225b70
Convert -35420540 (base 6) to base 2.
-100001110010000101100
110311312133 (base 4) to base 2
10100110101110110011111
-1033441 (base 6) to base 15
-10341
What is -a18a8 (base 14) in base 15?
-7a230
What is 107420 (base 10) in base 8?
321634
-12322434 (base 5) to base 10
-120369
Convert 32130022232 (base 4) to base 7.
44114060
302120001301 (base 4) to base 13
2974999
-33121702 (base 8) to base 4
-123022033002
What is -1a66c3 (base 15) in base 2?
-100111010010011110000
15a9f4 (base 16) to base 8
5324764
31111444 (base 5) to base 15
503d4
Convert 2012012011122 (base 3) to base 10.
1165067
What is 2021100121100 (base 3) in base 5?
302121130
What is -111543252 (base 6) in base 2?
-111110100101111010000
-101101100000110111 (base 2) to base 15
-3a383
4b874 (base 13) to base 4
202021102
Convert -5353044 (base 7) to base 16.
-9f1d4
51335551 (base 6) to base 13
3c83b6
What is -2154843 (base 10) in base 12?
-87b023
What is -27c38 (base 13) in base 8?
-221520
-4eca (base 15) to base 9
-25081
Convert -493309 (base 10) to base 15.
-9b274
Convert -961701 (base 12) to base 16.
-241cb1
Convert -32365067 (base 8) to base 11.
-3a11068
What is 217fd8 (base 16) in base 9?
4115481
-84fd (base 16) to base 7
-201154
12d9c (base 14) to base 13
1828b
What is -2c82c1 (base 15) in base 12?
-87a561
Convert -5553101 (base 6) to base 10.
-279325
-1010110101010100000111 (base 2) to base 6
-140511143
-20a770 (base 11) to base 2
-1010010000111010000
Convert 34889a8 (base 11) to base 15.
803c30
Convert -5f06a (base 16) to base 11.
-246482
Convert 214553545 (base 6) to base 2.
1110110001010100001001
Convert -12444213 (base 5) to base 8.
-364005
Convert 384323 (base 12) to base 8.
3404313
119956 (base 10) to base 13
427a5
Convert -844356 (base 9) to base 15.
-9da66
Convert -138001 (base 10) to base 14.
-38413
2110121202122 (base 3) to base 16
140243
Convert 101101001100010110010100 (base 2) to base 15.
1090390
What is 1cd59 (base 15) in base 13?
33b01
What is 12e65 (base 16) in base 6?
1354221
Convert -44103525 (base 6) to base 2.
-101000001000010101101
What is 10139 (base 15) in base 9?
76740
Convert -4361 (base 16) to base 14.
-6401
2917c9 (base 15) to base 11
1132269
Convert 1634123 (base 9) to base 11.
570581
What is -112001221201 (base 3) in base 14?
-72d29
What is -22213220003 (base 4) in base 14?
-5266b1
What is 6a734 (base 14) in base 15?
51ca4
What is 2513313 (base 9) in base 11?
854166
Convert 40ef67 (base 16) to base 4.
100032331213
What is -4cc61 (base 14) in base 16?
-2e265
Convert 107332 (base 8) to base 14.
d482
-543169 (base 10) to base 4
-2010213001
Convert 5a13655 (base 11) to base 3.
201201211110122
Convert -503005 (base 6) to base 11.
-2777a
What is -1442771 (base 8) in base 10?
-411129
Convert 513716 (base 8) to base 12.
82412
What is -1110111000100011000111 (base 2) in base 10?
-3901639
Convert -513867 (base 9) to base 3.
-120110222021
-1008778 (base 12) to base 4
-23130221030
What is 305531 (base 12) in base 13?
206098
What is -1140852 (base 9) in base 12?
-259385
1230169 (base 12) to base 16
361be1
-491330 (base 15) to base 13
-955a7c
What is -32326117 (base 8) in base 11?
-3a00170
Convert -82a18 (base 12) to base 2.
-101001101100110100
204766 (base 11) to base 15
6744a
Convert -341042 (base 8) to base 15.
-24224
-459db (base 15) to base 8
-660646
What is 22012101120200 (base 3) in base 16?
427e18
What is -1106073 (base 8) in base 15?
-5d498
What is -16a51 (base 13) in base 15?
-cd4e
What is 2601145 (base 7) in base 16?
522b5
Convert -1156076 (base 8) to base 9.
-534837
Convert 21742727 (base 8) to base 13.
c88c74
What is -505155 (base 8) in base 16?
-28a6d
Convert -3161223 (base 8) to base 14.
-17da4b
20d1 (base 14) to base 16
1627
What is -553543 (base 6) in base 10?
-46215
-29995c1 (base 13) to base 8
-62503767
Convert 6cd415 (base 15) to base 16.
4f79e1
Convert -2013021323 (base 4) to base 14.
-105a67
What is 3251362 (base 8) in base 13?
2475b5
What is -2310102112 (base 4) in base 12?
-2b741a
What is -565052 (base 9) in base 5?
-41311203
What is 2f2c8 (base 16) in base 11?
122199
Convert -1464646 (base 7) to base 2.
-110001000100010111
What is 221230330 (base 4) in base 9?
280271
1002210012011 (base 3) to base 4
2033020033
-200434105 (base 6) to base 5
-1332121004
-1266a8 (base 11) to base 6
-4134015
Convert -11111220 (base 3) to base 8.
-6333
-10cae0a (base 15) to base 5
-11040110120
Convert 33675 (base 9) to base 15.
699e
What is -11111011110100111 (base 2) in base 6?
-2432531
Convert -220100210211 (base 3) to base 14.
-c6a90
What is -2321123 (base 7) in base 11?
-189642
What is 192116 (base 14) in base 6?
31021000
What is 173240 (base 10) in base 13?
60b12
What is -7a1ab1 (base 12) in base 6?
-105503141
Convert 557d6 (base 16) to base 6.
11301050
Convert 44202043 (base 5) to base 4.
1131021103
Convert 14036102 (base 7) to base 2.
100111110001110011011
Convert 43375561 (base 8) to base 5.
4340224240
-181c78 (base 14) to base 2
-11001111100110110010
What is -658561 (base 9) in base 2?
-1100000000010101111
Convert -10331222332 (base 4) to base 16.
-13dabe
Convert -11010b (base 12) to base 5.
-32112343
What is 4434434 (base 7) in base 2?
10000101011100111100
Convert 1596a (base 14) to base 2.
1101001011101010
Convert -617238 (base 9) to base 3.
-200121021022
-9ea95 (base 15) to base 16
-7b5b1
Convert -41431302 (base 5) to base 2.
-1010011101010101110
3013251 (base 7) to base 4
1113002133
-615cb (base 13) to base 4
-222213233
-14b1e5 (base 15) to base 3
-1212202222022
Convert 10114100124 (base 5) to base 7.
153356161
What is -ab86a (base 15) in base 8?
-2050773
What is -2202162 (base 7) in base 3?
-111200221120
Convert -1774128 (base 12) to base 3.
-100011221011112
Convert 14150727 (base 9) to base 11.
3a520a9
What is -1206275 (base 8) in base 5?
-41042231
What is 2b2b95 (base 14) in base 7?
15541445
65253 (base 7) to base 13
7527
What is 22002167 (base 8) in base 9?
8783230
16706452 (base 8) to base 13
a68536
What is -28d5ac (base 16) in base 13?
-72911c
Convert -51635 (base 11) to base 15.
-174a0
What is 221300200322 (base 4) in base 12?
37baa22
941eb2 (base 15) to base 14
d14c7d
Convert -300202223 (base 5) to base 2.
-100011111101101000110
What is -1199947 (base 10) in base 14?
-233427
What is 12314321 (base 5) in base 9?
202500
What is -5450400 (base 7) in base 4?
-2203000122
11102021221 (base 3) to base 14
2399b
-10377cb (base 13) to base 10
-4929221
Convert -16182b (base 15) to base 2.
-100000100110100110101
-522124 (base 6) to base 3
-2010112221
Convert 5212023 (base 6) to base 4.
331023033
Convert -45611 (base 15) to base 16.
-35e45
What is -1210322032 (base 4) in base 12?
-17b23a
What is -120211032 (base 4) in base 13?
-36aa1
Convert 404330201 (base 5) to base 16.
18f7cd
-415135 (base 9) to base 8
-741363
4742258 (base 11) to base 4
133210102330
What is 111010110000101010 (base 2) in base 5?
30200212
Convert -6b9bb7 (base 13) to base 3.
-11211020202021
What is -bb7615 (base 14) in base 16?
-610803
Convert -10040111 (base 5) to base 15.
-18d71
-164108 (base 10) t